t t = h - -110. What is the greatest common factor of 40 and t?
20
Suppose 0 = j + 14 - 69. Let v = j - 35. Calculate the greatest common factor of v and 4.
4
Suppose -4*o - 3*n + 1 = 0, -5*o + 9 = -5*n + n. Calculate the highest common divisor of 3 and o.
1
Suppose 5*i - 120 = -0*i. Calculate the highest common factor of 24 and i.
24
Let r = 40 - 69. Let n = 49 + r. Suppose 4*h - 8 - n = 0. Calculate the greatest common divisor of h and 35.
7
Let t be (-1)/(-2) + (-1784)/(-16). Let d = -18 - -7. Let j = d + 25. What is the highest common factor of t and j?
14
Let z = -36 - -72. Suppose -2*h = h - z. Suppose 0 = -u - 4*m + 15, -7*m = 4*u - 2*m - 27. Calculate the highest common divisor of u and h.
3
Let d be (1/3)/((-3)/(-9)). Suppose -d - 11 = -4*p. Suppose 4*b - 23 = -p*h, -4*h = -0*b + b - 9. Calculate the highest common divisor of h and 7.
1
Suppose 1 + 11 = 4*y. Let p be (5/15)/((-1)/(-6)). Suppose -d + p + 1 = 0. Calculate the highest common factor of d and y.
3
Suppose 6*u + 15 = 3*u. Let v be (-19)/u - (-1)/5. Suppose v*a - 42 = l - 15, -2*a + 9 = l. Calculate the highest common factor of a and 15.
3
Suppose -3*r + 26 - 2 = 0. Calculate the greatest common factor of r and 8.
8
Let s = -88 - -128. What is the highest common factor of s and 90?
10
Let c(d) = -3*d + 1. Let w be 15/2*(-8)/10. Let u be (0 - 1)/((-2)/w). Let l be c(u). Calculate the highest common divisor of 15 and l.
5
Let h = -31 - -21. Let o = h - -22. Calculate the greatest common divisor of o and 4.
4
Suppose -3*r + 348 = -3*m, r = m - 4*m + 128. Calculate the greatest common divisor of r and 17.
17
Let n = 43 + -31. What is the highest common divisor of 3 and n?
3
Let t(b) = 5*b**3 + b. Let n be t(1). Let f be (-2 + n)/(6/21). What is the highest common factor of f and 21?
7
Suppose -k = 3*w - 395, 387 = w + 2*w + 3*k. Let d = 196 - w. What is the highest common divisor of 7 and d?
7
Let h be -2 + 6 - (4 - 1). What is the highest common factor of 3 and h?
1
Suppose 3*x - 96 = -5*c, -3*c + 24 = -2*c - x. Suppose -f = -2*s + 17, -4*f = -2*s + f + c. Calculate the highest common factor of s and 48.
8
Let a = 4 - -2. Let t(v) = 6*v**2 - v - 2. Let l be t(-2). Calculate the greatest common divisor of l and a.
6
Let j be ((-126)/(-4))/3*2. Let u be (-14)/j*3/2. Let f be 2/6*(u + 7). Calculate the highest common divisor of 14 and f.
2
Let f be (34/(-4))/((-3)/(-6)). Let q = 2 - f. Calculate the greatest common divisor of 171 and q.
19
Suppose 5*w - 5*o - 60 = 0, 0*o = 3*o. Suppose -v + 6 = -w. Calculate the highest common divisor of v and 45.
9
Let m(o) = 8*o**2 + 9*o - 11. Let l be m(5). What is the greatest common factor of 26 and l?
26
Let o be (-1)/(-2) + 21/14. What is the greatest common divisor of 2 and o?
2
Suppose -91 - 25 = -5*z - 3*d, 2*z = 2*d + 40. Suppose 3*k = 2*s + 5*k - z, -s - 5*k + 19 = 0. Let r = 66 - 63. Calculate the highest common factor of s and r.
3
Suppose 5*h + 0*h = 10. Suppose 0 = c + 4, -4*x + 3*c + h*c = -32. Calculate the highest common factor of 9 and x.
3
Suppose 3*h - 39 = 2*g, -2*h - 39 = -5*h + 4*g. Let a = -22 - -113. What is the highest common divisor of h and a?
13
Let l(o) = 3*o - 7. Let h be l(7). Calculate the highest common divisor of h and 126.
14
Suppose 4*m = 4*z - 4 - 4, -5*z + 31 = 2*m. Let g be ((-20)/(-6))/(4/6). Calculate the greatest common divisor of z and g.
5
Let w(r) = r**3 + 6*r**2 - 3*r - 6. Let t be w(-5). Let j be 6/27 + t/9. Calculate the highest common factor of j and 20.
4
Let k = 71 + -52. Calculate the greatest common divisor of k and 133.
19
Suppose -3*r + 11 = -p, 6*p - 1 = 2*p + 3*r. Suppose 4 = -0*v + p*v. Let o = v + 39. Calculate the highest common divisor of o and 5.
5
Suppose 0*j - 3*j = -5*t + 1, -4*t = 2*j + 30. Let l(c) = c + 17. Let o be l(j). Calculate the highest common factor of o and 110.
10
Let h(f) be the first derivative of f**2/2 - f - 2. Let w be h(-7). Let j be w/36 - 328/(-18). Calculate the greatest common divisor of j and 45.
9
Let g(p) = 2*p**3 - 3*p**2 + p - 3. Let f be g(4). Let u be 2 - (-4 + 0/(-3)). Let t be (2/u)/(13/351). What is the greatest common factor of f and t?
9
Let z be (-4)/6*(-9)/2. Suppose -4*n - 2*s = 56, -2*n - 5*s = -z*s + 32. Let m = -1 - n. What is the greatest common divisor of m and 1?
1
Let x(s) = -s + 9. Let h be x(7). Suppose -272 = -2*d - 4*m, -7*d - 3*m = -h*d - 666. Calculate the highest common divisor of d and 12.
12
Suppose 0 = 2*d - 32 - 10. Calculate the highest common divisor of 7 and d.
7
Let f = -62 - -205. Calculate the highest common divisor of f and 13.
13
Let z(f) = -f**3 - 6*f**2 - 7*f. Let l be z(-5). Suppose -n = -6 + 2. Suppose 0*d = -n*d + 200. What is the greatest common divisor of d and l?
10
Let d be (-2)/(-9)*6*3. Suppose 2*t - 31 = -5*l, 2*l - 20 = t - d. Calculate the highest common divisor of l and 63.
7
Suppose -2*r + 27 = h - 0*r, -2*h - 2*r = -48. Let s = 36 - 5. Let w = s - 17. What is the greatest common factor of h and w?
7
Let f(z) = z**2 + 6*z + 6. Let y be f(-5). What is the greatest common divisor of 4 and y?
1
Let c = 476 - 245. What is the greatest common factor of 21 and c?
21
Let n be 129 - (-9)/(3 - 0). Suppose -5*u + 72 = 3*z, -4*u + 3*z + 14 = -22. Calculate the greatest common divisor of u and n.
12
Let g(h) = h**2 - 13*h + 3. Let x(d) = -5*d**2 + 53*d - 13. Let y(o) = 9*g(o) + 2*x(o). Let j be y(-8). Calculate the highest common divisor of j and 5.
5
Let h(x) = 9*x**2 - x + 1. Let k = 12 + -11. Let z be h(k). Let o be ((-6)/4)/((-2)/108). What is the highest common divisor of z and o?
9
Let m be (-8)/6 - (-11)/(-3). Let x(q) = -q**3 - 3*q**2 + 7*q + 1. Let j be x(m). Let y be 0 - 0 - (-2 + 0). Calculate the highest common factor of j and y.
2
Let l(i) = -i**2 - 11*i - 4. Let f be l(-8). Suppose w + 4*w + f = 0. Let t be (-1310)/(-15) - w/6. What is the greatest common factor of 8 and t?
8
Suppose -3*v + 6*g = 3*g - 39, 0 = 2*g - 10. Let u be (-908)/(-36) - 4/v. Let r = u - 18. Calculate the highest common divisor of r and 49.
7
Suppose -2*n - 6 = 0, -n + 234 = 4*o + n. Calculate the highest common factor of 6 and o.
6
Suppose 2*d - 37 = -n + 56, -2*n - 39 = -d. Calculate the highest common divisor of 15 and d.
15
Suppose -5*d = -3*d - 30. Let o be (-14)/(-3) + (-16)/(-48). What is the highest common divisor of d and o?
5
Let d(j) = -17*j - 4. Let y be d(3). Let i = y - -97. Calculate the greatest common factor of 6 and i.
6
Let k be 38/8*(2 + 2). Let z = -7 + k. What is the highest common factor of 8 and z?
4
Suppose -3*z + 6*z = 15, 2*z = -2*k + 86. What is the highest common factor of 19 and k?
19
Suppose 0 = m + 7 - 29. Calculate the greatest common factor of 33 and m.
11
Let o be (72/24)/((-6)/(-20)). What is the highest common divisor of 90 and o?
10
Let n be ((-90)/3)/(4/(-14)). What is the highest common divisor of 35 and n?
35
Let f(k) = -k**3 + 2*k**2 - k. Let p be f(1). Let n be p - (-30 - (-2 - 2)). What is the highest common divisor of 234 and n?
26
Suppose 3*v = -0*v + 6. Suppose 0 = -h + 5 + v. What is the greatest common factor of 49 and h?
7
Let s = -591 - -843. Let j be (s/(-10))/(3/(-15)). Calculate the highest common divisor of 14 and j.
14
Let k(b) = b**3 + 2*b**2 - 3*b. Let j be k(-3). Suppose -2*f + j*f = -52. What is the greatest common factor of 39 and f?
13
Let m = 361 - 192. Calculate the greatest common factor of m and 13.
13
Let c be 88/4 - 3/(-3). Calculate the highest common factor of c and 115.
23
Let s = 1 + 3. Let l = 36 + 8. Calculate the greatest common factor of s and l.
4
Let j(o) be the second derivative of -o**3/6 - o**2/2 + 3*o. Let u be j(-4). Calculate the highest common divisor of 2 and u.
1
Suppose -4*u - 40 = -z, 4*u = -4*z + 201 + 59. Suppose z = 2*s + s. Let n be (-1 + 5 - 1)*(-150)/(-45). What is the highest common factor of s and n?
10
Suppose 4*c = -1 - 3. Let m be (1 - 17)/c + -2. What is the highest common factor of m and 42?
14
Suppose o = 6*o - 325. Calculate the greatest common factor of o and 26.
13
Suppose 3*y + 0 - 6 = 0. Suppose l = 3*a - y*l - 54, 3*a = 2*l + 56. What is the greatest common factor of a and 4?
4
Suppose p = 3*p - 72. Suppose 2*r = -0*r + p. What is the highest common divisor of 90 and r?
18
Suppose 2*j - j = 3*p - 35, 5*p + 3*j - 49 